 12) to base 9
-14
What is -4 (base 9) in base 7?
-4
What is 115 (base 7) in base 15?
41
What is -10 (base 12) in base 11?
-11
-104 (base 7) to base 3
-1222
Convert -110201 (base 3) to base 7.
-1000
Convert 1 (base 5) to base 15.
1
-223 (base 7) to base 15
-7a
Convert 1100000 (base 2) to base 9.
116
What is 3 (base 14) in base 2?
11
Convert -30 (base 10) to base 2.
-11110
Convert 2 (base 3) to base 15.
2
8 (base 16) to base 4
20
What is 0 (base 3) in base 13?
0
Convert 100 (base 4) to base 5.
31
14 (base 14) to base 4
102
-21 (base 4) to base 13
-9
Convert -b (base 15) to base 11.
-10
What is -4 (base 16) in base 7?
-4
106 (base 8) to base 3
2121
What is 48 (base 13) in base 2?
111100
Convert -2 (base 3) to base 5.
-2
3 (base 5) to base 7
3
Convert 61 (base 9) to base 2.
110111
What is -4 (base 16) in base 7?
-4
2 (base 11) to base 16
2
-24 (base 7) to base 6
-30
-4 (base 6) to base 4
-10
Convert -2 (base 7) to base 16.
-2
What is 4 (base 13) in base 7?
4
-2420 (base 5) to base 6
-1400
-1 (base 6) to base 13
-1
125 (base 7) to base 10
68
What is 43 (base 7) in base 10?
31
What is 1 (base 6) in base 14?
1
What is -17 (base 10) in base 13?
-14
Convert -5 (base 11) to base 10.
-5
80 (base 15) to base 12
a0
Convert 3d (base 16) to base 12.
51
Convert -2 (base 7) to base 13.
-2
66 (base 14) to base 12
76
What is 5 (base 15) in base 5?
10
What is 3 (base 6) in base 3?
10
What is 31 (base 4) in base 15?
d
What is -1013 (base 4) in base 8?
-107
What is -16 (base 9) in base 7?
-21
What is -221 (base 3) in base 6?
-41
What is c (base 13) in base 15?
c
-12 (base 15) to base 7
-23
3 (base 10) to base 5
3
Convert -54 (base 9) to base 15.
-34
Convert 13 (base 7) to base 11.
a
-112 (base 3) to base 4
-32
-4 (base 13) to base 4
-10
What is -8 (base 11) in base 5?
-13
Convert 0 (base 14) to base 5.
0
-7 (base 16) to base 11
-7
Convert -13 (base 7) to base 3.
-101
-35 (base 8) to base 2
-11101
What is -11220 (base 3) in base 11?
-110
Convert -9 (base 13) to base 10.
-9
What is -10 (base 2) in base 11?
-2
Convert -2 (base 15) to base 9.
-2
-19 (base 11) to base 5
-40
Convert 11010 (base 2) to base 4.
122
Convert 22 (base 4) to base 7.
13
Convert -c7 (base 16) to base 7.
-403
-201 (base 3) to base 10
-19
2 (base 5) to base 16
2
What is -38 (base 16) in base 12?
-48
Convert 2 (base 16) to base 15.
2
What is -103 (base 5) in base 7?
-40
Convert -11 (base 5) to base 15.
-6
2 (base 10) to base 6
2
4 (base 9) to base 6
4
-14 (base 7) to base 4
-23
23 (base 5) to base 13
10
Convert -1 (base 6) to base 11.
-1
What is 10 (base 9) in base 6?
13
What is -212 (base 3) in base 5?
-43
Convert 5 (base 9) to base 7.
5
Convert 110001 (base 2) to base 5.
144
What is -15 (base 13) in base 8?
-22
24 (base 5) to base 11
13
2 (base 4) to base 3
2
What is -1 (base 5) in base 12?
-1
Convert 1 (base 3) to base 5.
1
-34 (base 14) to base 3
-1201
Convert 4 (base 15) to base 12.
4
What is 23 (base 14) in base 9?
34
What is -c (base 16) in base 12?
-10
Convert -4 (base 8) to base 13.
-4
Convert 41 (base 5) to base 14.
17
-2 (base 14) to base 7
-2
Convert 454 (base 7) to base 8.
353
3 (base 10) to base 7
3
-13 (base 16) to base 3
-201
What is -16 (base 13) in base 9?
-21
Convert -23 (base 15) to base 7.
-45
What is 4 (base 6) in base 12?
4
12 (base 7) to base 6
13
What is -66 (base 8) in base 10?
-54
Convert 4 (base 12) to base 2.
100
What is 5 (base 12) in base 7?
5
What is 2022 (base 3) in base 2?
111110
What is 96 (base 10) in base 6?
240
-3 (base 16) to base 14
-3
Convert -24 (base 13) to base 11.
-28
-4 (base 7) to base 4
-10
-43 (base 11) to base 7
-65
Convert 205 (base 12) to base 13.
197
What is 55 (base 8) in base 15?
30
What is -1 (base 2) in base 8?
-1
-7 (base 8) to base 2
-111
Convert 33 (base 10) to base 12.
29
Convert 0 (base 12) to base 9.
0
-3 (base 8) to base 2
-11
1 (base 3) to base 5
1
Convert -1 (base 15) to base 9.
-1
Convert 142 (base 5) to base 6.
115
Convert -15 (base 12) to base 8.
-21
Convert 16 (base 16) to base 2.
10110
-13 (base 12) to base 10
-15
Convert -1344 (base 6) to base 4.
-11200
-5 (base 7) to base 11
-5
5 (base 6) to base 15
5
Convert -21 (base 14) to base 6.
-45
What is 1 (base 14) in base 6?
1
Convert 3 (base 9) to base 15.
3
1ad (base 15) to base 16
184
-21 (base 3) to base 14
-7
What is 0 (base 6) in base 2?
0
Convert -23 (base 12) to base 2.
-11011
41 (base 6) to base 3
221
Convert 2 (base 3) to base 7.
2
What is 154 (base 9) in base 6?
334
Convert -3 (base 6) to base 13.
-3
Convert 33 (base 4) to base 5.
30
Convert 121 (base 3) to base 11.
15
Convert 3 (base 12) to base 6.
3
-123 (base 9) to base 13
-7b
Convert -3 (base 14) to base 13.
-3
Convert 0 (base 10) to base 11.
0
-1000110 (base 2) to base 3
-2121
What is -3 (base 13) in base 10?
-3
What is 0 (base 6) in base 5?
0
-6 (base 14) to base 2
-110
Convert 2 (base 11) to base 2.
10
Convert -37 (base 10) to base 13.
-2b
What is 1024 (base 5) in base 14?
9d
-11 (base 7) to base 13
-8
What is 1 (base 3) in base 16?
1
What is 42 (base 5) in base 11?
20
-23 (base 7) to base 8
-21
What is 252 (base 9) in base 6?
545
What is 5 (base 12) in base 6?
5
-8 (base 9) to base 6
-12
-8 (base 15) to base 6
-12
What is -4 (base 9) in base 16?
-4
-11111 (base 2) to base 11
-29
-36 (base 10) to base 8
-44
1 (base 11) to base 8
1
Convert -15 (base 10) to base 7.
-21
Convert -3 (base 5) to base 13.
-3
Convert 101 (base 2) to base 10.
5
Convert -2102 (base 3) to base 11.
-5a
76 (base 14) to base 11
95
10021 (base 3) to base 2
1011000
Convert 0 (base 14) to base 11.
0
Convert 14 (base 8) to base 13.
c
-100000 (base 2) to base 4
-200
-7 (base 15) to base 9
-7
-11 (base 5) to base 13
-6
Convert 111 (base 3) to base 13.
10
21 (base 16) to base 3
1020
-2232 (base 5) to base 7
-632
Convert 40 (base 8) to base 5.
112
Convert 122 (base 7) to base 11.
5a
Convert 103 (base 4) to base 12.
17
1a (base 16) to base 4
122
What is 66 (base 12) in base 3?
2220
Convert -1 (base 14) to base 11.
-1
Convert 19 (base 11) to base 3.
202
Convert -12200 (base 3) to base 10.
-153
1010 (base 3) to base 9
33
Convert 20 (base 4) to base 10.
8
3a (base 14) to base 5
202
What is -3 (base 14) in base 10?
-3
Convert -2 (base 12) to base 11.
-2
Convert -120 (base 8) to base 7.
-143
What is -11 (base 2) in base 5?
-3
-4 (base 6) to base 4
-10
-7 (base 10) to base 12
-7
What is -1 (base 11) in base 2?
-1
What is 10 (base 6) in base 16?
6
What is -165 (base 11) in base 7?
-363
-24 (base 10) to base 15
-19
-13 (base 15) to base 6
-30
What is 120 (base 5) in base 6?
55
Convert 10101 (base 2) to base 8.
25
Convert -30 (base 6) to base 7.
-24
What is 4 (base 14) in base 7?
4
-2 (base 7) to base 3
-2
Convert 1 (base 10) to base 8.
1
Convert -5 (base 15) to base 3.
-12
Convert 21 (base 6) to base 5.
23
Convert 60 (base 7) to base 15.
2c
Convert 54 (base 6) to base 3.
1021
7 (base 14) to base 8
7
13 (base 11) to base 8
16
Convert -11 (base 6) to base 13.
-7
Convert -7 (base 11) to base 12.
-7
77 (base 15) to base 8
160
Convert -1 (base 16) to base 7.
-1
What is -11 (base 11) in base 2?
-1100
Convert -b (base 16) to base 7.
-14
Convert 55 (base 9) to base 13.
3b
Convert -10022 (base 3) to base 14.
-65
What is 2 (base 4) in base 6?
2
What is 2 (base 8) in base 14?
2
What is 1 (base 12) in base 3?
1
What is -125 (base 6) in base 7?
-104
What is -34 (base 15) in base 3?
-1211
What is 111 (base 2) in base 3?
21
2 (base 6) to base 10
2
400 (base 7) to base 15
d1
-23 (base 14) to base 15
-21
Convert 39 (base 15) to base 6.
130
What is 20 (base 11) in base 3?
211
Convert -7 (base 16) to base 13.
-7
What is 20 (base 10) in base 8?
24
-225 (base 6) to base 8
-131
What is 1011 (base 3) in base 16?
1f
What is -34 (base 7) in base 10?
-25
-10001 (base 3) to base 5
-312
What is -310 (base 5) in base 11?
-73
What is 362 (base 7) in base 8?
277
Convert 3 (base 13) to base 11.
3
Convert -e (base 16) to base 10.
-14
What is 0 (base 8) in base 7?
0
1100 (base 2) to base 4
30
What is -2 (base 15) in base 5?
-2
Convert 2033 (base 4) to base 7.
263
-3 (base 8) to base 10
-3
Convert 11001 (base 2) to base 6.
41
5 (base 8) to base 7
5
What is -52 (base 14) in base 11?
-66
What is 1202 (base 4) in base 5?
343
What is -62 (base 12) in base 4?
-1022
Convert -30 (base 4) to base 8.
